{"id":1911,"date":"2024-05-27T12:07:59","date_gmt":"2024-05-27T12:07:59","guid":{"rendered":"https:\/\/cprlatam.site\/2024\/pt\/?page_id=1911"},"modified":"2024-05-27T15:46:07","modified_gmt":"2024-05-27T15:46:07","slug":"edicoes-anteriores","status":"publish","type":"page","link":"https:\/\/cprlatam.site\/2024\/pt\/edicoes-anteriores\/","title":{"rendered":"Edi\u00e7\u00f5es Anteriores"},"content":{"rendered":"\t\t<div data-elementor-type=\"wp-page\" data-elementor-id=\"1911\" class=\"elementor elementor-1911\">\n\t\t\t\t<div class=\"elementor-element elementor-element-b18e71b e-flex e-con-boxed e-con e-parent\" data-id=\"b18e71b\" data-element_type=\"container\" data-e-type=\"container\">\n\t\t\t\t\t<div class=\"e-con-inner\">\n\t\t\t\t<div class=\"elementor-element elementor-element-8a11906 elementor-widget elementor-widget-heading\" data-id=\"8a11906\" data-element_type=\"widget\" data-e-type=\"widget\" data-widget_type=\"heading.default\">\n\t\t\t\t<div class=\"elementor-widget-container\">\n\t\t\t\t\t<h1 class=\"elementor-heading-title elementor-size-default\">Edi\u00e7\u00f5es Anteriores<\/h1>\t\t\t\t<\/div>\n\t\t\t\t<\/div>\n\t\t\t\t<div class=\"elementor-element elementor-element-17fbc60 elementor-widget elementor-widget-text-editor\" data-id=\"17fbc60\" data-element_type=\"widget\" data-e-type=\"widget\" data-widget_type=\"text-editor.default\">\n\t\t\t\t<div class=\"elementor-widget-container\">\n\t\t\t\t\t\t\t\t\t<p>A <strong>Communication Policy Research Latin America (CPR LATAM)<\/strong> teve in\u00edcio em 2009 como uma rede acad\u00eamica interdisciplinar de centros de pesquisa que buscavam avan\u00e7ar o conhecimento sobre o impacto social, econ\u00f4mico e pol\u00edtico das Tecnologias da Informa\u00e7\u00e3o e Comunica\u00e7\u00e3o (TIC) nas Am\u00e9ricas.<\/p><p>O Evento ocorreu em v\u00e1rias cidades do continente. Em 2024, o evento ser\u00e1 realizado em Bras\u00edlia.<\/p>\t\t\t\t\t\t\t\t<\/div>\n\t\t\t\t<\/div>\n\t\t<div class=\"elementor-element elementor-element-9f1a8ad e-grid e-con-boxed e-con e-child\" data-id=\"9f1a8ad\" data-element_type=\"container\" data-e-type=\"container\">\n\t\t\t\t\t<div class=\"e-con-inner\">\n\t\t\t\t<div class=\"elementor-element elementor-element-237c9cd elementor-widget elementor-widget-image\" data-id=\"237c9cd\" data-element_type=\"widget\" data-e-type=\"widget\" data-widget_type=\"image.default\">\n\t\t\t\t<div class=\"elementor-widget-container\">\n\t\t\t\t\t\t\t\t\t\t\t\t\t\t\t<img fetchpriority=\"high\" decoding=\"async\" width=\"1000\" height=\"668\" src=\"https:\/\/cprlatam.site\/2024\/wp-content\/uploads\/2024\/05\/CLT_579-1.jpg\" class=\"attachment-large size-large wp-image-1929\" alt=\"\" srcset=\"https:\/\/cprlatam.site\/2024\/wp-content\/uploads\/2024\/05\/CLT_579-1.jpg 1000w, https:\/\/cprlatam.site\/2024\/wp-content\/uploads\/2024\/05\/CLT_579-1-300x200.jpg 300w, https:\/\/cprlatam.site\/2024\/wp-content\/uploads\/2024\/05\/CLT_579-1-768x513.jpg 768w\" sizes=\"(max-width: 1000px) 100vw, 1000px\" \/>\t\t\t\t\t\t\t\t\t\t\t\t\t\t\t<\/div>\n\t\t\t\t<\/div>\n\t\t\t\t<div class=\"elementor-element elementor-element-8930a42 elementor-widget elementor-widget-image\" data-id=\"8930a42\" data-element_type=\"widget\" data-e-type=\"widget\" data-widget_type=\"image.default\">\n\t\t\t\t<div class=\"elementor-widget-container\">\n\t\t\t\t\t\t\t\t\t\t\t\t\t\t\t<img decoding=\"async\" width=\"1000\" height=\"667\" src=\"https:\/\/cprlatam.site\/2024\/wp-content\/uploads\/2024\/05\/image-asset.jpeg\" class=\"attachment-large size-large wp-image-1928\" alt=\"\" srcset=\"https:\/\/cprlatam.site\/2024\/wp-content\/uploads\/2024\/05\/image-asset.jpeg 1000w, https:\/\/cprlatam.site\/2024\/wp-content\/uploads\/2024\/05\/image-asset-300x200.jpeg 300w, https:\/\/cprlatam.site\/2024\/wp-content\/uploads\/2024\/05\/image-asset-768x512.jpeg 768w\" sizes=\"(max-width: 1000px) 100vw, 1000px\" \/>\t\t\t\t\t\t\t\t\t\t\t\t\t\t\t<\/div>\n\t\t\t\t<\/div>\n\t\t\t\t\t<\/div>\n\t\t\t\t<\/div>\n\t\t\t\t<div class=\"elementor-element elementor-element-38311b0 elementor-widget-divider--view-line elementor-widget elementor-widget-divider\" data-id=\"38311b0\" data-element_type=\"widget\" data-e-type=\"widget\" data-widget_type=\"divider.default\">\n\t\t\t\t<div class=\"elementor-widget-container\">\n\t\t\t\t\t\t\t<div class=\"elementor-divider\">\n\t\t\t<span class=\"elementor-divider-separator\">\n\t\t\t\t\t\t<\/span>\n\t\t<\/div>\n\t\t\t\t\t\t<\/div>\n\t\t\t\t<\/div>\n\t\t\t\t<div class=\"elementor-element elementor-element-a0c12d0 elementor-widget elementor-widget-heading\" data-id=\"a0c12d0\" data-element_type=\"widget\" data-e-type=\"widget\" data-widget_type=\"heading.default\">\n\t\t\t\t<div class=\"elementor-widget-container\">\n\t\t\t\t\t<h1 class=\"elementor-heading-title elementor-size-default\">Atas<\/h1>\t\t\t\t<\/div>\n\t\t\t\t<\/div>\n\t\t\t\t<div class=\"elementor-element elementor-element-ac45306 elementor-widget elementor-widget-text-editor\" data-id=\"ac45306\" data-element_type=\"widget\" data-e-type=\"widget\" data-widget_type=\"text-editor.default\">\n\t\t\t\t<div class=\"elementor-widget-container\">\n\t\t\t\t\t\t\t\t\t<h2>2022 &#8211; Mexico City, Mexico<\/h2><ul><li style=\"list-style-type: none;\"><ul><li style=\"list-style-type: none;\"><ul><li><a href=\"https:\/\/cprlatam.site\/2024\/wp-content\/uploads\/files\/CPRLatam_Proceedings2022.pdf\" target=\"_blank\" rel=\"noopener\"><span style=\"text-decoration: underline;\">Proceedings 2022<\/span><\/a><\/li><li><a href=\"https:\/\/cprlatam.site\/2024\/wp-content\/uploads\/files\/CPRLatam_Agenda2022.pdf\" target=\"_blank\" rel=\"noopener\"><span style=\"text-decoration: underline;\">Agenda 2022<\/span><\/a><\/li><\/ul><\/li><\/ul><\/li><\/ul><h2>\u00a0<\/h2><h2>2021 &#8211; Mexico City, Mexico<\/h2><ul><li style=\"list-style-type: none;\"><ul><li style=\"list-style-type: none;\"><ul><li><a href=\"https:\/\/cprlatam.site\/2024\/wp-content\/uploads\/files\/CPRLatam_Proceedings2021.pdf\" target=\"_blank\" rel=\"noopener\"><span style=\"text-decoration: underline;\">Proceedings 2021<\/span><\/a><\/li><\/ul><\/li><\/ul><\/li><\/ul><h2>\u00a0<\/h2><h2>2019 &#8211; C\u00f3rdoba, Argentina<\/h2><ul><li style=\"list-style-type: none;\"><ul><li style=\"list-style-type: none;\"><ul><li><a href=\"https:\/\/cprlatam.site\/2024\/wp-content\/uploads\/files\/CPRLatam_Proceedings2019.pdf\" target=\"_blank\" rel=\"noopener\"><span style=\"text-decoration: underline;\">Proceedings 2019<\/span><\/a><\/li><li><a href=\"https:\/\/cprlatam.site\/2024\/wp-content\/uploads\/files\/CPRLatam_Agenda2019.pdf\" target=\"_blank\" rel=\"noopener\"><span style=\"text-decoration: underline;\">Agenda 2019<\/span><\/a><\/li><\/ul><\/li><\/ul><\/li><\/ul><h2>\u00a0<\/h2><h2>2018 &#8211; Varadero, Cuba<\/h2><ul><li style=\"list-style-type: none;\"><ul><li style=\"list-style-type: none;\"><ul><li><a href=\"https:\/\/cprlatam.site\/2024\/wp-content\/uploads\/files\/CPRLatam_Proceedings2018.pdf\" target=\"_blank\" rel=\"noopener\"><span style=\"text-decoration: underline;\">Proceedings 2018<\/span><\/a><\/li><li><a href=\"https:\/\/cprlatam.site\/2024\/wp-content\/uploads\/files\/CPRLatam_Agenda2018.pdf\" target=\"_blank\" rel=\"noopener\"><span style=\"text-decoration: underline;\">Agenda 2018<\/span><\/a><\/li><\/ul><\/li><\/ul><\/li><\/ul><h2>\u00a0<\/h2><h2>2017 &#8211; Cartagena, Colombia<\/h2><ul><li style=\"list-style-type: none;\"><ul><li style=\"list-style-type: none;\"><ul><li><a href=\"https:\/\/cprlatam.site\/2024\/wp-content\/uploads\/files\/CPRLatam_Proceedings2017.pdf\" target=\"_blank\" rel=\"noopener\"><span style=\"text-decoration: underline;\">Proceedings 2017<\/span><\/a><\/li><li><a href=\"https:\/\/cprlatam.site\/2024\/wp-content\/uploads\/files\/CPRLatam_Agenda2017.pdf\" target=\"_blank\" rel=\"noopener\"><span style=\"text-decoration: underline;\">Agenda 2017<\/span><\/a><\/li><\/ul><\/li><\/ul><\/li><\/ul><h2>\u00a0<\/h2><h2>2016 &#8211; Mexico City, Mexico<\/h2><ul><li style=\"list-style-type: none;\"><ul><li style=\"list-style-type: none;\"><ul><li><a href=\"https:\/\/cprlatam.site\/2024\/wp-content\/uploads\/files\/CPRLatam_Proceedings2016.pdf\" target=\"_blank\" rel=\"noopener\"><span style=\"text-decoration: underline;\">Proceedings 2016<\/span><\/a><\/li><li><a href=\"https:\/\/cprlatam.site\/2024\/wp-content\/uploads\/files\/CPRLatam_Agenda2016.pdf\" target=\"_blank\" rel=\"noopener\"><span style=\"text-decoration: underline;\">Agenda 2016<\/span><\/a><\/li><\/ul><\/li><\/ul><\/li><\/ul><h2>\u00a0<\/h2><h2>2015 &#8211; Canun, Mexico<\/h2><ul><li style=\"list-style-type: none;\"><ul><li style=\"list-style-type: none;\"><ul><li><a href=\"https:\/\/cprlatam.site\/2024\/wp-content\/uploads\/files\/CPRLatam_Proceedings2015.pdf\" target=\"_blank\" rel=\"noopener\"><span style=\"text-decoration: underline;\">Proceedings 2015<\/span><\/a><\/li><li><a href=\"https:\/\/cprlatam.site\/2024\/wp-content\/uploads\/files\/CPRLatam_Agenda2015.pdf\" target=\"_blank\" rel=\"noopener\"><span style=\"text-decoration: underline;\">Agenda 2015<\/span><\/a><\/li><\/ul><\/li><\/ul><\/li><\/ul><h2>\u00a0<\/h2><h2>2014 &#8211; Bogota, Colombia<\/h2><ul><li style=\"list-style-type: none;\"><ul><li style=\"list-style-type: none;\"><ul><li><a href=\"https:\/\/cprlatam.site\/2024\/wp-content\/uploads\/files\/CPRLatam_Proceedings2014.pdf\" target=\"_blank\" rel=\"noopener\"><span style=\"text-decoration: underline;\">Proceedings 2014<\/span><\/a><\/li><li><a href=\"https:\/\/cprlatam.site\/2024\/wp-content\/uploads\/files\/CPRLatam_Agenda2014.pdf\" target=\"_blank\" rel=\"noopener\"><span style=\"text-decoration: underline;\">Agenda 2014<\/span><\/a><\/li><\/ul><\/li><\/ul><\/li><\/ul><h2>\u00a0<\/h2><h2>2013 &#8211; Mexico City, Mexico<\/h2><ul><li style=\"list-style-type: none;\"><ul><li style=\"list-style-type: none;\"><ul><li><a href=\"https:\/\/cprlatam.site\/2024\/wp-content\/uploads\/files\/CPRLatam_Proceedings2013.pdf\" target=\"_blank\" rel=\"noopener\"><span style=\"text-decoration: underline;\">Proceedings 2013<\/span><\/a><\/li><li><a href=\"https:\/\/cprlatam.site\/2024\/wp-content\/uploads\/files\/CPRLatam_Agenda2013.pdf\" target=\"_blank\" rel=\"noopener\"><span style=\"text-decoration: underline;\">Agenda 2013<\/span><\/a><\/li><\/ul><\/li><\/ul><\/li><\/ul><h2>\u00a0<\/h2><h2>2012 &#8211; Valparaiso, Chile<\/h2><ul><li style=\"list-style-type: none;\"><ul><li style=\"list-style-type: none;\"><ul><li><a href=\"https:\/\/cprlatam.site\/2024\/wp-content\/uploads\/files\/CPRLatam_Proceedings2012.pdf\" target=\"_blank\" rel=\"noopener\"><span style=\"text-decoration: underline;\">Proceedings 2012<\/span><\/a><\/li><li><a href=\"https:\/\/cprlatam.site\/2024\/wp-content\/uploads\/files\/CPRLatam_Agenda2012.pdf\" target=\"_blank\" rel=\"noopener\"><span style=\"text-decoration: underline;\">Agenda 2012<\/span><\/a><\/li><\/ul><\/li><\/ul><\/li><\/ul><h2>\u00a0<\/h2><h2>2011 &#8211; Lima, Peru<\/h2><ul><li style=\"list-style-type: none;\"><ul><li style=\"list-style-type: none;\"><ul><li><a href=\"https:\/\/cprlatam.site\/2024\/wp-content\/uploads\/files\/CPRLatam_Proceedings2011.pdf\" target=\"_blank\" rel=\"noopener\"><span style=\"text-decoration: underline;\">Proceedings 2011<\/span><\/a><\/li><li><a href=\"https:\/\/cprlatam.site\/2024\/wp-content\/uploads\/files\/CPRLatam_Agenda2011.pdf\" target=\"_blank\" rel=\"noopener\"><span style=\"text-decoration: underline;\">Agenda 2011<\/span><\/a><\/li><\/ul><\/li><\/ul><\/li><\/ul><h2>\u00a0<\/h2><h2>2010 &#8211; Brasilia, Brazil<\/h2><ul><li style=\"list-style-type: none;\"><ul><li style=\"list-style-type: none;\"><ul><li><a href=\"https:\/\/cprlatam.site\/2024\/wp-content\/uploads\/files\/CPRLatam_Proceedings2010.pdf\" target=\"_blank\" rel=\"noopener\"><span style=\"text-decoration: underline;\">Proceedings 2010<\/span><\/a><\/li><li><a href=\"https:\/\/cprlatam.site\/2024\/wp-content\/uploads\/files\/CPRLatam_Agenda2010.pdf\" target=\"_blank\" rel=\"noopener\"><span style=\"text-decoration: underline;\">Agenda 2010<\/span><\/a><\/li><\/ul><\/li><\/ul><\/li><\/ul><h2>\u00a0<\/h2><h2>2009 &#8211; Mexico City, Mexico<\/h2><ul><li style=\"list-style-type: none;\"><ul><li style=\"list-style-type: none;\"><ul><li><a href=\"https:\/\/cprlatam.site\/2024\/wp-content\/uploads\/files\/CPRLatam_Proceedings2009.pdf\" target=\"_blank\" rel=\"noopener\"><span style=\"text-decoration: underline;\">Proceedings 2009<\/span><\/a><\/li><li><a href=\"https:\/\/cprlatam.site\/2024\/wp-content\/uploads\/files\/CPRLatam_Agenda2009.pdf\" target=\"_blank\" rel=\"noopener\"><span style=\"text-decoration: underline;\">Agenda 2009<\/span><\/a><\/li><\/ul><\/li><\/ul><\/li><\/ul>\t\t\t\t\t\t\t\t<\/div>\n\t\t\t\t<\/div>\n\t\t\t\t<div class=\"elementor-element elementor-element-c304eb6 elementor-widget-divider--view-line elementor-widget elementor-widget-divider\" data-id=\"c304eb6\" data-element_type=\"widget\" data-e-type=\"widget\" data-widget_type=\"divider.default\">\n\t\t\t\t<div class=\"elementor-widget-container\">\n\t\t\t\t\t\t\t<div class=\"elementor-divider\">\n\t\t\t<span class=\"elementor-divider-separator\">\n\t\t\t\t\t\t<\/span>\n\t\t<\/div>\n\t\t\t\t\t\t<\/div>\n\t\t\t\t<\/div>\n\t\t\t\t\t<\/div>\n\t\t\t\t<\/div>\n\t\t\t\t<\/div>\n\t\t","protected":false},"excerpt":{"rendered":"<p>Edi\u00e7\u00f5es Anteriores A Communication Policy Research Latin America (CPR LATAM) teve in\u00edcio em 2009 como uma rede acad\u00eamica interdisciplinar de centros de pesquisa que buscavam avan\u00e7ar o conhecimento sobre o impacto social, econ\u00f4mico e pol\u00edtico das Tecnologias da Informa\u00e7\u00e3o e Comunica\u00e7\u00e3o (TIC) nas Am\u00e9ricas. O Evento ocorreu em v\u00e1rias cidades do continente. Em 2024, o [&hellip;]<\/p>\n","protected":false},"author":2,"featured_media":0,"parent":0,"menu_order":0,"comment_status":"closed","ping_status":"closed","template":"","meta":{"ocean_post_layout":"","ocean_both_sidebars_style":"","ocean_both_sidebars_content_width":0,"ocean_both_sidebars_sidebars_width":0,"ocean_sidebar":"","ocean_second_sidebar":"","ocean_disable_margins":"enable","ocean_add_body_class":"","ocean_shortcode_before_top_bar":"","ocean_shortcode_after_top_bar":"","ocean_shortcode_before_header":"","ocean_shortcode_after_header":"","ocean_has_shortcode":"","ocean_shortcode_after_title":"","ocean_shortcode_before_footer_widgets":"","ocean_shortcode_after_footer_widgets":"","ocean_shortcode_before_footer_bottom":"","ocean_shortcode_after_footer_bottom":"","ocean_display_top_bar":"default","ocean_display_header":"default","ocean_header_style":"","ocean_center_header_left_menu":"","ocean_custom_header_template":"","ocean_custom_logo":0,"ocean_custom_retina_logo":0,"ocean_custom_logo_max_width":0,"ocean_custom_logo_tablet_max_width":0,"ocean_custom_logo_mobile_max_width":0,"ocean_custom_logo_max_height":0,"ocean_custom_logo_tablet_max_height":0,"ocean_custom_logo_mobile_max_height":0,"ocean_header_custom_menu":"","ocean_menu_typo_font_family":"","ocean_menu_typo_font_subset":"","ocean_menu_typo_font_size":0,"ocean_menu_typo_font_size_tablet":0,"ocean_menu_typo_font_size_mobile":0,"ocean_menu_typo_font_size_unit":"px","ocean_menu_typo_font_weight":"","ocean_menu_typo_font_weight_tablet":"","ocean_menu_typo_font_weight_mobile":"","ocean_menu_typo_transform":"","ocean_menu_typo_transform_tablet":"","ocean_menu_typo_transform_mobile":"","ocean_menu_typo_line_height":0,"ocean_menu_typo_line_height_tablet":0,"ocean_menu_typo_line_height_mobile":0,"ocean_menu_typo_line_height_unit":"","ocean_menu_typo_spacing":0,"ocean_menu_typo_spacing_tablet":0,"ocean_menu_typo_spacing_mobile":0,"ocean_menu_typo_spacing_unit":"","ocean_menu_link_color":"","ocean_menu_link_color_hover":"","ocean_menu_link_color_active":"","ocean_menu_link_background":"","ocean_menu_link_hover_background":"","ocean_menu_link_active_background":"","ocean_menu_social_links_bg":"","ocean_menu_social_hover_links_bg":"","ocean_menu_social_links_color":"","ocean_menu_social_hover_links_color":"","ocean_disable_title":"default","ocean_disable_heading":"default","ocean_post_title":"","ocean_post_subheading":"","ocean_post_title_style":"","ocean_post_title_background_color":"","ocean_post_title_background":0,"ocean_post_title_bg_image_position":"","ocean_post_title_bg_image_attachment":"","ocean_post_title_bg_image_repeat":"","ocean_post_title_bg_image_size":"","ocean_post_title_height":0,"ocean_post_title_bg_overlay":0.5,"ocean_post_title_bg_overlay_color":"","ocean_disable_breadcrumbs":"default","ocean_breadcrumbs_color":"","ocean_breadcrumbs_separator_color":"","ocean_breadcrumbs_links_color":"","ocean_breadcrumbs_links_hover_color":"","ocean_display_footer_widgets":"default","ocean_display_footer_bottom":"default","ocean_custom_footer_template":"","footnotes":""},"class_list":["post-1911","page","type-page","status-publish","hentry","entry"],"_links":{"self":[{"href":"https:\/\/cprlatam.site\/2024\/wp-json\/wp\/v2\/pages\/1911","targetHints":{"allow":["GET"]}}],"collection":[{"href":"https:\/\/cprlatam.site\/2024\/wp-json\/wp\/v2\/pages"}],"about":[{"href":"https:\/\/cprlatam.site\/2024\/wp-json\/wp\/v2\/types\/page"}],"author":[{"embeddable":true,"href":"https:\/\/cprlatam.site\/2024\/wp-json\/wp\/v2\/users\/2"}],"replies":[{"embeddable":true,"href":"https:\/\/cprlatam.site\/2024\/wp-json\/wp\/v2\/comments?post=1911"}],"version-history":[{"count":160,"href":"https:\/\/cprlatam.site\/2024\/wp-json\/wp\/v2\/pages\/1911\/revisions"}],"predecessor-version":[{"id":2101,"href":"https:\/\/cprlatam.site\/2024\/wp-json\/wp\/v2\/pages\/1911\/revisions\/2101"}],"wp:attachment":[{"href":"https:\/\/cprlatam.site\/2024\/wp-json\/wp\/v2\/media?parent=1911"}],"curies":[{"name":"wp","href":"https:\/\/api.w.org\/{rel}","templated":true}]}}